+ (-1 - -3)). List the prime factors of (18 + (w - -3))/1.
2, 3
Let r = -1 - -3. Suppose -r = 2*x - x. List the prime factors of x/5 + (-168)/(-20).
2
Let f(b) = 5*b**3 - 2*b**2 + 1. Let q be f(1). Suppose q*m = 6*m - 12. Suppose -2*t + m + 0 = 0. What are the prime factors of t?
3
Let s = 44 + -65. Let b = -13 - s. List the prime factors of b.
2
Let s = -2 + -2. Suppose -194 + 26 = 4*h. List the prime factors of (s/7)/(12/h).
2
List the prime factors of 0 + -3 + 85 + -4.
2, 3, 13
Let k(b) = b**2 + 10*b + 12. List the prime factors of k(-9).
3
Suppose -2*i - 5*p + 59 = 0, 5*i - 3*p = -0*p + 70. What are the prime factors of i?
17
List the prime factors of 2*-1*(-148)/8.
37
List the prime factors of -38*(5 + 6)*2/(-4).
11, 19
Let u(h) = 0*h - h - h + 4. Let b be u(3). List the prime factors of b/(-9) + (-490)/(-63).
2
Let n be 5 - (0/3 - -2). Suppose 6 = 3*l, -n = 2*z - 2*l - 13. Let y = z - 0. What are the prime factors of y?
7
Let s be (-2)/4 + 6/12. Suppose 5*y + 7 = q, -2*y + s*y = -q + 22. What are the prime factors of q?
2
Let k(z) = z**3 + 2*z**2 + 4*z + 3. Let v be k(-3). What are the prime factors of -2 - (2 + v)/4?
2
Suppose 2*y + 1 = -1. What are the prime factors of y + (2 - 3) + 8?
2, 3
Suppose 0 = -3*f + 2*f + 9. Suppose f = 3*o + 2*y - 2, 3*o + y = 7. List the prime factors of (o - 10)/(12/(-16)).
2, 3
Let f(r) = 5 + r + 7*r**2 - 2*r - 5*r - r**3 - 2*r. Let m be f(6). Let n = m + 23. List the prime factors of n.
2
Let f(c) = 3*c + 2. What are the prime factors of f(4)?
2, 7
Let s = -14 - -30. List the prime factors of s.
2
Suppose -5*d + 3*m = -104, -d - 16 + 48 = 5*m. Suppose 2*q = -2*i + 3*q - d, 5*i + 5*q = -85. Let y = -5 - i. What are the prime factors of y?
2
List the prime factors of (-3)/2*160/(-3).
2, 5
Let q(i) = i**2 + 6*i + 5. Let f be q(-6). Let z be 4/(-6) - 42/(-9). Suppose 0 = -2*j + 2*n + z, 14 + 18 = j + f*n. List the prime factors of j.
7
Let t be 276/(((-15)/(-2))/(-5)). What are the prime factors of (-8)/(-6) - t/6?
2
Let p(k) = 3*k - 1. Let d be p(2). Suppose d*g = -5*y + 165, 0 = 4*g + y + 4*y - 136. List the prime factors of g.
29
Let s = 19 + -9. Let g = 16 - s. List the prime factors of g.
2, 3
Let h(f) = -298*f - 6. List the prime factors of h(-1).
2, 73
Let v(x) = -2*x - 6. Suppose c + c + 5*i + 35 = 0, 5*c + i + 30 = 0. What are the prime factors of v(c)?
2
Suppose 3*b - 43 - 61 = -f, f + 4 = 0. List the prime factors of b.
2, 3
Let y(m) = 2*m + 2. Let c be y(8). Let k = c - 11. What are the prime factors of k?
7
Let x be 3/9*(2 - -25). Let o = -4 + x. What are the prime factors of o?
5
Suppose 0 = t + 1 - 12. What are the prime factors of t?
11
List the prime factors of ((-14)/(-21))/((-2)/(-258)).
2, 43
Let k(t) = -t**2 - 9*t - 1. Suppose -5*h + 5*f - 48 - 52 = 0, 0 = -3*f. Let v = h + 12. List the prime factors of k(v).
7
Suppose -44 = -2*d + 16. Suppose -c - q + 15 = 2*c, -4*c - q = -19. Suppose -22 = -c*x + d. List the prime factors of x.
13
Let a(y) = 7*y**2 + 4*y + 2. Let o be 1*-1*(2 - 0). What are the prime factors of a(o)?
2, 11
Let f = 63 - 88. Let l = f - -38. What are the prime factors of l?
13
Let m = -3 - 1. Let u be ((-740)/(-15))/(m/(-6)). Suppose -4*b = 3*v - 82, -b + u = 3*b - v. List the prime factors of b.
19
Let f = 6 + -4. Let d = f + 0. Let c(a) = a**3 + a**2 - 4*a + 3. List the prime factors of c(d).
7
Suppose 17 = -s + 2*s. What are the prime factors of s?
17
Suppose 0*a = 5*a - 4*w - 986, 0 = 5*w - 5. List the prime factors of a.
2, 3, 11
Let k(m) = -3 + 23*m**2 - 10*m - 2 - 24*m**2. Let a = -21 + 14. List the prime factors of k(a).
2
Suppose -2*q + 12 = t, -4*t + 3*q - 7 = -0. What are the prime factors of (27/t)/((-6)/(-8))?
2, 3
Let f = -1 - -4. Suppose -i = -2*n - 3, -3*i = f*n - 0*i - 9. Let v = 7 - n. What are the prime factors of v?
7
Suppose 0 = 5*m + v + 29 + 35, -4*m - 52 = v. Let f(p) = -11*p - 3. Let x be f(-2). Let t = x + m. List the prime factors of t.
7
Let p(g) = 0*g**2 + 3 + 6*g - 9*g**3 - 4*g**2 - 7*g**2. Let l(o) = 4*o**3 + 5*o**2 - 3*o - 1. Let f(s) = 7*l(s) + 3*p(s). What are the prime factors of f(2)?
2, 3
Let a(m) = m - 2 - m - 3*m. What are the prime factors of a(-6)?
2
Let w(v) = -v**3 - 9*v**2 - 10*v - 12. Let g(n) = -3*n - 3*n**2 + 0*n**2 + n. Let r be g(-2). List the prime factors of w(r).
2
Suppose 6 = 3*p - 6. Suppose p*y - 2 - 10 = 0, 0 = -3*q + 4*y + 87. List the prime factors of q.
3, 11
Let m be 1/(-2) - (-9)/2. Suppose i + 0 - 10 = -m*x, 0 = -2*x - 3*i + 10. Suppose x*o + 0*y - 32 = 2*y, 5*o - 56 = -y. What are the prime factors of o?
2, 3
Suppose -2*x + 45 + 333 = 0. What are the prime factors of x?
3, 7
Suppose w = -3*q - 8 - 0, -5*w + 3*q = 4. Let d be (-3)/(-6) + (-23)/w. Let r = -7 + d. What are the prime factors of r?
5
Let a = 10 - 5. Suppose a*o - 38 = 12. Suppose -6*k + o = -k. List the prime factors of k.
2
Let k(x) = x**2 - 20*x + 27. List the prime factors of k(22).
71
Suppose -2*m + 5*m - 4*n = 85, -43 = -m + 5*n. What are the prime factors of m?
23
Suppose 0 = -5*g - 0*g + 300. Let u = 109 - g. What are the prime factors of u?
7
Suppose -8 = -3*o + 2*n, -5*o + 4*n + 3 = -11. Let q be (1 - (o - 3)) + 0. Suppose q*w = w + 11. What are the prime factors of w?
11
Let a = -58 - -33. Let v = -12 - a. List the prime factors of v.
13
Suppose 4*j - 5*p = 32, 2*j + 3*p = 4 - 10. Suppose 2*d - j = 5. Suppose -w = -d*w + 15. What are the prime factors of w?
5
Suppose -14 = -0*q - q + 3*c, 2*c + 46 = 4*q. Let d(a) = 2*a - 10. What are the prime factors of d(q)?
2, 3
Let u = -9 - -18. Let a = 28 - u. List the prime factors of a.
19
Suppose 15*z - 14*z - 376 = 0. List the prime factors of z.
2, 47
Suppose -4*p + 65 + 23 = 0. Let l = -10 + p. List the prime factors of l.
2, 3
Let m(d) = 12*d - 3. Let x be (-2)/(-5) + 108/30. Let a be m(x). Suppose -y = -6*y + a. What are the prime factors of y?
3
List the prime factors of 105/10 - (-1)/2.
11
Let i = 3 + 1. Suppose 2*n - 42 = -3*y, 3*n - 55 = -i*y + 6. What are the prime factors of -3*5/(n/(-2))?
2
Suppose -v + p = 4*v - 309, 0 = -2*v - 3*p + 127. What are the prime factors of v?
2, 31
Let q = 100 - 71. Suppose -a - 2 - q = 0. Let y = a + 43. List the prime factors of y.
2, 3
Suppose -k = -5*v - 38, -5*k + 25 + 30 = 2*v. Let j = k + -8. List the prime factors of j.
5
Let l(j) = -j**3 + 4*j**2 + 2*j + 5. Let g be l(5). Let v be -6*1*5/3. What are the prime factors of (-56)/g - 4/v?
2, 3
Let l = 16 - 12. Suppose 2*z + 0*o + l*o = -8, -4*o - 22 = -5*z. List the prime factors of z.
2
Suppose -31 = -3*w - 4. Let t be (w/2)/((-1)/(-2)). Let q = 0 + t. List the prime factors of q.
3
Suppose 2*l - 3*m + 15 = 0, 0*l - 3*l + 4*m = 21. Let s = 6 + l. Suppose -b + 0*b - 32 = -3*t, 0 = s*t - 4*b - 47. What are the prime factors of t?
3
Let t = 4 + -2. Let x be t*(-1)/(-2)*27. Suppose 3*d - p - x = 0, 5*d - 2*p - 34 = -4*p. List the prime factors of d.
2
Let a(g) = -14*g + 2*g + 7*g + 3 + g**2. What are the prime factors of a(6)?
3
Let d = -7 - -9. Suppose 3*x + 5*b = 42, -b + 27 = 2*x + d*b. What are the prime factors of x?
3
Let x(m) = -19*m + 1. List the prime factors of x(-1).
2, 5
Let d(p) = -p - 4. Suppose 2*c - 14 = 3*h - 5, -h - 20 = 5*c. Let f be d(h). Suppose 3*a + f = s, -5*s - 4*a + 69 = -3*a. What are the prime factors of s?
13
Let u be (-2 - -10) + (0 - 3). Let t be (-2)/(-8) + u/(-4). List the prime factors of 2 + 14 + 1 + t.
2
Suppose 2*q - 316 = y, 3*q + 3*y + 264 = 729. What are the prime factors of q?
157
Suppose 0 = -0*j - 7*j + 154. List the prime factors of j.
2, 11
Let t(u) = u**2 - 9*u - 11. What are the prime factors of t(12)?
5
Suppose 3*y - 2*y + 9 = 0. List the prime factors of -1 - y - 0/(-7).
2
Suppose 4*c = -b + 342, 73 + 9 = c + 2*b. What are the prime factors of c?
2, 43
Let i = 14 + 3. Let r = i + -6. List the prime factors of r.
11
Let a(f) = -f**3 - 8*f**2 - 10*f + 3. Let m be a(-7). Let p = 35 - m. List the prime factors of p.
11
Let p(u) = u**2 - 4*u + 7. Let n(l) = l - 5. Let d be n(10). Let f be p(d). Suppose -48 = -5*m + f. List the prime factors of m.
2, 3
Let i(t) = t**2 + 4*t + 1. Let p be i(-5). Suppose -s = 4*n + p, 3 = 4*s - 2*s + 3*n. What are the prime factors of s?
2, 3
Let x(f) = f**2 - 2*f - 1. Let u be x(3). Suppose -y = u*m, -4*m + 2*m - 3*y = 4. S